ne b(t).
-18
Let b(z) = 3*z**2 - 62*z - 52. Let n be ((-4216)/(-192) - (-25)/(-40)) + 2/3. Give b(n).
36
Let d(o) be the first derivative of 3/20*o**5 - 1/6*o**3 + 15/2*o**2 - 8 + 0*o**4 + 0*o. Let t(x) be the second derivative of d(x). What is t(-1)?
8
Let h be 2*(-24)/(-26) - 4/(-26). Let s(x) = -x - 7*x**h + 17*x**2 - 4*x**2 - x**3 + 0*x. Give s(5).
20
Let a(y) = 13*y + 256*y**2 - 39290 - 266*y**2 + y**3 + 39280. Calculate a(6).
-76
Let d = 10 + -8. Suppose -3*v = 2*w + d*v + 131, 2*w + 135 = -v. Let a = 75 + w. Let r(k) = -k**3 + 8*k**2 - 7*k - 1. Give r(a).
-1
Let j(t) = -2*t**2 + 17*t - 18. Let s be j(7). Let y(b) = 502 + s*b - 501 + b - 2*b. Calculate y(2).
5
Let y(k) = k + 24. Let o be y(-24). Suppose o = -7*p - 0*p + 14. Let w be ((-28)/14)/(2 - (-1 + p)). Let r(t) = t + 1. Determine r(w).
-1
Let m(l) = 10*l - 2 - 6*l - 6*l + 3. Let c(f) = 26 - 13*f**2 + f**3 + 63*f - 6 - 78*f. Let g be c(14). Give m(g).
-11
Let n(d) = -d**2 - d - 10. Suppose -14*k + 3*k = -198. Let o be 24/(-132) - (-1 + k/22). Give n(o).
-10
Let j(g) = -24*g + 19*g**2 + 41*g - 2*g**2 - 2*g**2 - 5. Let n(y) = -3*y**2 - 3*y + 1. Let a(x) = 4*j(x) + 22*n(x). Determine a(2).
-18
Suppose 3*m = 2*x - 5, 0*x + 5*x = -5*m - 50. Let l be (9*m/(-90))/(1/(-12)). Let o(n) = -n**3 - 7*n**2 - 5*n + 7. Give o(l).
1
Let d(t) be the first derivative of 3*t - 1/2*t**2 - 51. Calculate d(3).
0
Let b = 19 + -9. Let w(i) be the first derivative of -5*i**3/3 - 11*i**2/2 + 15*i + 100. Let y(p) = 28*p**2 + 55*p - 76. Let r(k) = 11*w(k) + 2*y(k). Give r(b).
3
Let d(o) = -2037*o**2 + 8 + 0*o**3 + 12*o + 2050*o**2 + o**3. Give d(-12).
8
Suppose k = -3*k - 24. Let d(s) = -131*s + 67*s + 66*s + 3 + 4*s**2 - 10*s**2 - s**3. Give d(k).
-9
Let a(d) be the first derivative of d**3/3 + 7*d**2 + 6*d + 331. What is a(-13)?
-7
Let b(s) = -s - 15. Let u be b(-30). Suppose 3*w + u = 0, -v + w = -2 - 4. Let l(r) = 10*r - 6*r - 1 + 8*r. What is l(v)?
11
Let l(f) be the third derivative of f**4/24 + 2*f**3/3 + 145*f**2 + 2. Let o(v) = -1. Let p be (-59)/3 - (-7)/(-21). Let u(k) = p*o(k) - 5*l(k). Give u(-3).
15
Let v(m) = -5*m - 2. Let u = -4517 + 4515. Determine v(u).
8
Let m(y) = y**2 + y - 1. Let d be (-1 + 5 + -2)*4. Suppose 6*x - 2 = d*x. Let a be (-3 + (0 - x))/((-4)/(-8)). Calculate m(a).
11
Let i(j) be the first derivative of j**6/120 + j**5/15 - j**4/8 - j**3/6 + 33*j**2/2 - 38. Let r(h) be the second derivative of i(h). Give r(-3).
17
Let m(d) = 20 - 16 + 11*d + 15*d + 2*d**2. Let f be m(-13). Let o(j) = j**2 - 6*j + 1. Determine o(f).
-7
Let c(f) be the first derivative of 3*f**2/2 + f + 918. Determine c(2).
7
Let s(i) = -10*i - 16. Suppose -257 + 233 = -5*v + 6*m, 4*m + 16 = 0. Give s(v).
-16
Suppose -3*g = -5 + 20. Let l(c) = 12*c + 45. Let s(b) = -7*b - 27. Let h(w) = 4*l(w) + 7*s(w). Determine h(g).
-4
Suppose -3*d - 4*j - 1016 = 0, -5*d - 2*j - 351 = 1347. Let c = 349 + d. Let i(g) = g**2 - 7*g - 6. What is i(c)?
12
Let g = 64 - 62. Suppose -3*w + g*w + 1 = 0, -5*b = w - 16. Let s(m) = -5*m**2 + 7 - 5*m + m**b - 5*m + 4*m. Give s(6).
7
Let m(b) be the first derivative of -b**3 + 21*b**2/2 + 8*b - 673. What is m(9)?
-46
Suppose 16*i - 15017 = -14921. Let c(w) = 8*w - 30. Calculate c(i).
18
Let f(k) = -k**2 + 12*k - 20. Let o be f(9). Suppose -9*x - 33 = -12*x. Let g(y) = -17*y + 35. Let r(v) = -6*v + 12. Let h(i) = x*r(i) - 4*g(i). Give h(o).
6
Suppose -65 = 2*g + 49. Let v = g - -57. Suppose 2*o + o - 24 = v. Let b(q) = -2*q + 9. What is b(o)?
-7
Suppose 15 = 3*n + 6*g, -8*g = -7*g + 3. Let p(t) = t**3 - 10*t**2 - 11*t - 9. Give p(n).
-9
Let u(r) = -36*r**2 - 32*r**3 + 1 + 8*r**3 + 35*r**2 - 35*r**3. What is u(1)?
-59
Let m(x) = -3*x**2 + 2. Let u(s) = -11*s**2 + 33*s + 83. Let q(n) = 4*m(n) - u(n). Determine q(-31).
-13
Let x(w) = -w**3 + 5*w - 3. Let d(h) = h**2 + 10*h + 27. Let f be d(-6). Suppose -4 = u - f*v, 3*v = -u - 2*v + 12. Give x(u).
-1
Let m(n) = -n**2 - 20*n - 38. Let s = 445 - 432. Let k(c) = -3*c**3 + 43*c**2 - 54*c + 8. Let t be k(s). Give m(t).
-2
Let o(i) be the second derivative of i**5/60 - i**4/8 - i**3/2 + 56*i**2 + 129*i. Let f(q) be the first derivative of o(q). What is f(3)?
-3
Let r(w) = 3*w - 1. Let a(d) = -16*d - 47. Let u(l) = -18*l - 48. Let m(o) = 7*a(o) - 6*u(o). Let b be m(-10). Calculate r(b).
-4
Suppose 7*q - 9*q + 12 = 0. Let g(a) = -3*a - 23. Let d be g(-10). Let b(t) = t + t**3 + 0*t**2 + 4*t + 3 - d*t**2. Determine b(q).
-3
Let a(i) = 21 - 17 - i - 3*i - 4*i**2 + i**3 - 3*i. Let x(r) = -r**2 - r + 1. Let f be x(1). Let t = f + 6. What is a(t)?
-6
Let f(u) = 2*u**3 - 29*u**2. Let g(k) = 9*k**3 - 153*k**2 - 13*k + 24. Let d(h) = -5*f(h) + g(h). Calculate d(-5).
14
Let j(w) = -w**3 - w**2 + 5*w. Let i be (-93 - -103) + (-21)/3. What is j(i)?
-21
Let f = 4 - 2. Let b = f + 1. Let m(d) be the second derivative of -d**4/12 + d**3/3 - 2*d**2 + 163*d + 4. Determine m(b).
-7
Let z(x) be the third derivative of -x**4/24 - 8*x**3/3 + 1379*x**2. Calculate z(0).
-16
Let l(t) = -2*t**2 + t + 2. Suppose 0 = -5*y + y. Let f be l(y). Let i(d) = 1 - 4*d**2 - 2*d + 3*d**f + 6*d + 2. What is i(6)?
-9
Suppose 0*z = 4*z - 12. Let v be (1*(-30)/(-25))/(z/10). Let o(m) = 2*m**2 - 6*m + 2. What is o(v)?
10
Let t(b) be the first derivative of 1/2*b**2 - 236 + 5*b. Give t(-1).
4
Let d(z) = z - 9. Let o = 90 + -261. Let a = o - -184. Determine d(a).
4
Let s(r) = r**3 - r**2 - r. Let b(k) = -7*k**3 - k - 6. Let f(m) = b(m) + 6*s(m). Suppose -5*g + 3*o - 30 - 5 = 0, -g + 3*o - 19 = 0. Give f(g).
-10
Suppose -5*b + 22 = -m, -125*m - 4*b + 23 = -124*m. Let w(a) = -a**3 + 4*a**2 - 3*a + 3. Give w(m).
3
Let n(h) = -h**3 + 3*h**2 + 2*h + 4. Suppose -264*w + 184*w = -320. Calculate n(w).
-4
Let v(o) = o**2 - o + 1. Let b(p) be the first derivative of -p**3/3 + 5*p**2 + 4*p - 133. Let g(s) = b(s) + 2*v(s). Determine g(-5).
-9
Let c(y) = 3*y**2 - 42*y - 15. Let j(w) = 7*w**2 - 94*w - 31. Let u(v) = -9*c(v) + 4*j(v). Determine u(6).
59
Let v(c) be the third derivative of c**6/15 - c**5/60 + c**4/24 - c**3/6 + c**2. Let f = -1082 + 1083. Determine v(f).
7
Let k = -1454 - -1447. Let f(c) = -5*c**3 + 14*c**2 + 12*c - 9. Let h(x) = x**3 - x**2 - x + 1. Let j(l) = -f(l) - 6*h(l). Give j(k).
-4
Let z(v) = 7*v**2 + 7*v + 1. Let y(k) = k**2 + k. Suppose 0 = -5*p + 4*s - 14, p + p + 16 = -s. Let w(q) = p*y(q) + z(q). What is w(-4)?
13
Let p(o) be the first derivative of -o**4/4 - 4*o**3/3 + o**2 + 2*o + 2. Suppose -19*k = -20*k + 4. Suppose -2*j + 2*n = -7 + 23, -8 = -4*j - k*n. Give p(j).
-13
Let r(b) = 170 - 450 - 359270*b + 359250*b. Calculate r(-14).
0
Let t(p) = -14*p**3 - 10*p**2 - 17*p**3 - 2*p**2 + 30*p**3 + 6. Suppose -2*c - 3*g = 20 + 4, -g - 36 = 3*c. What is t(c)?
6
Let a = -231 - -280. Let f(z) = 121*z**2 - 74*z**2 - a*z**2 + 3 - 2*z. Give f(4).
-37
Let s(m) = -10*m - 4. Let y be (26 - 31) + (2 + 1)*(-20)/60. What is s(y)?
56
Let m = 90 - 26. Let f(i) = -31*i - 28*i + m*i + 10. What is f(-4)?
-10
Let p be 378/54 - (-8)/(-2). Let j be -7 - (2*p/(-3) - -6). Let o(f) = f**2 + 11*f - 2. Calculate o(j).
-2
Suppose 2*j - 5 + 1 = 0. Let u(n) = 5*n + n**2 + 6 + n + 0*n - j. Let p(f) = 154*f + 1071. Let b be p(-7). Determine u(b).
11
Let c = 385 - 380. Let a(n) = -c - 675*n + 676*n - 5 - 4. Calculate a(9).
-5
Let h be 1/4 - ((-387)/(-12) - -3). Let z = -25 - h. Suppose 15 = 5*x - z. Let n(d) = d**3 - 4*d**2 - 4*d. Calculate n(x).
5
Let a(z) = 8*z + 51*z**2 - 152*z**2 + 49*z**2 + 45 + 51*z**2. Give a(13).
-20
Let g(u) be the first derivative of 0*u - 2 + 2*u**2 - 1/3*u**3. Let z(r) = 5*r**2 + 433*r - 3779. Let i be z(8). Determine g(i).
-5
Let y(w) = -7*w - 5. Let m = -6714 + 6708. Give y(m).
37
Let l(m) = -52*m**3 + 10*m**2 + 7*m + 7. Let t = 26 + -28. Let b(u) = -17*u**3 + 3*u**2 + 2*u + 2. Let f(a) = t*l(a) + 7*b(a). What is f(1)?
-14
Suppose -3*t - 21 = -9. Let x(u) = 4*u + 29 - 61 + 38. What is x(t)?
-10
Let a(r) = 342*r**2 + 3*r**3 - 358*r**2 - 54 + 118 - 19*r - 45 - 4*r**3. What is a(-15)?
79
Let o(v) = -4*v + 14. Suppose 3*d + 3*t = 9, 4*d + 3*t = 7 + 8. Give o(d).
-10
Let f(i) be the first derivative of -i + 190 - 5/2*i**2. Let v(q) = q**3 + 6*q**2 + 6*q + 6. Let w be v(-5). Determine f(w).
-6
Suppose 2*n + 5*u = 218, 3*u + 578 = 5*n - u. Let i = n - 98. Let t(s) = s**3 - 16*s**2 - 2